 131 is divided by 12?
11
Calculate the remainder when 76 is divided by 5.
1
Calculate the remainder when 8002 is divided by 29.
27
What is the remainder when 63 is divided by 4?
3
What is the remainder when 2292 is divided by 1132?
28
What is the remainder when 160 is divided by 127?
33
Calculate the remainder when 755 is divided by 373.
9
What is the remainder when 8954 is divided by 20?
14
Calculate the remainder when 964 is divided by 162.
154
What is the remainder when 220 is divided by 64?
28
What is the remainder when 347 is divided by 73?
55
Calculate the remainder when 255 is divided by 247.
8
Calculate the remainder when 89 is divided by 2.
1
Calculate the remainder when 197 is divided by 7.
1
Calculate the remainder when 1725 is divided by 32.
29
What is the remainder when 60 is divided by 17?
9
Calculate the remainder when 109 is divided by 43.
23
Calculate the remainder when 280 is divided by 24.
16
What is the remainder when 51 is divided by 9?
6
What is the remainder when 436 is divided by 50?
36
Calculate the remainder when 45 is divided by 8.
5
What is the remainder when 9 is divided by 7?
2
Calculate the remainder when 1010 is divided by 254.
248
What is the remainder when 231 is divided by 73?
12
What is the remainder when 216 is divided by 77?
62
Calculate the remainder when 5818 is divided by 15.
13
What is the remainder when 100 is divided by 35?
30
What is the remainder when 260 is divided by 48?
20
What is the remainder when 863 is divided by 33?
5
Calculate the remainder when 52 is divided by 44.
8
What is the remainder when 7253 is divided by 403?
402
What is the remainder when 301 is divided by 53?
36
What is the remainder when 35 is divided by 6?
5
What is the remainder when 3191 is divided by 24?
23
Calculate the remainder when 429 is divided by 72.
69
What is the remainder when 86 is divided by 14?
2
What is the remainder when 233 is divided by 12?
5
Calculate the remainder when 1798 is divided by 34.
30
Calculate the remainder when 1667 is divided by 76.
71
Calculate the remainder when 212 is divided by 175.
37
What is the remainder when 3794 is divided by 108?
14
What is the remainder when 3647 is divided by 57?
56
What is the remainder when 111 is divided by 28?
27
Calculate the remainder when 740 is divided by 733.
7
What is the remainder when 260 is divided by 63?
8
Calculate the remainder when 407 is divided by 105.
92
What is the remainder when 1071 is divided by 262?
23
What is the remainder when 727 is divided by 190?
157
Calculate the remainder when 164 is divided by 21.
17
Calculate the remainder when 442 is divided by 28.
22
What is the remainder when 108 is divided by 97?
11
What is the remainder when 1376 is divided by 13?
11
Calculate the remainder when 788 is divided by 112.
4
What is the remainder when 1493 is divided by 93?
5
Calculate the remainder when 132 is divided by 15.
12
What is the remainder when 623 is divided by 47?
12
What is the remainder when 598 is divided by 60?
58
What is the remainder when 941 is divided by 37?
16
Calculate the remainder when 9717 is divided by 27.
24
What is the remainder when 345 is divided by 51?
39
What is the remainder when 146 is divided by 21?
20
Calculate the remainder when 372 is divided by 148.
76
What is the remainder when 617 is divided by 331?
286
What is the remainder when 164 is divided by 13?
8
Calculate the remainder when 4054 is divided by 5.
4
What is the remainder when 437 is divided by 7?
3
What is the remainder when 159 is divided by 37?
11
Calculate the remainder when 59877 is divided by 98.
97
Calculate the remainder when 15 is divided by 6.
3
What is the remainder when 53 is divided by 3?
2
Calculate the remainder when 490 is divided by 124.
118
What is the remainder when 6221 is divided by 183?
182
What is the remainder when 369 is divided by 7?
5
Calculate the remainder when 95 is divided by 25.
20
Calculate the remainder when 1015 is divided by 31.
23
Calculate the remainder when 619 is divided by 69.
67
What is the remainder when 5509 is divided by 120?
109
Calculate the remainder when 2566 is divided by 2561.
5
Calculate the remainder when 6475 is divided by 324.
319
What is the remainder when 951 is divided by 98?
69
What is the remainder when 16797 is divided by 35?
32
Calculate the remainder when 1374 is divided by 12.
6
Calculate the remainder when 405 is divided by 110.
75
Calculate the remainder when 2735 is divided by 175.
110
What is the remainder when 135 is divided by 47?
41
Calculate the remainder when 845 is divided by 69.
17
Calculate the remainder when 537 is divided by 258.
21
What is the remainder when 86769 is divided by 42?
39
What is the remainder when 1108 is divided by 242?
140
Calculate the remainder when 1675 is divided by 39.
37
What is the remainder when 100 is divided by 34?
32
Calculate the remainder when 583 is divided by 45.
43
What is the remainder when 102 is divided by 15?
12
Calculate the remainder when 1074 is divided by 70.
24
What is the remainder when 249 is divided by 16?
9
What is the remainder when 3572 is divided by 137?
10
What is the remainder when 179 is divided by 26?
23
What is the remainder when 405 is divided by 163?
79
What is the remainder when 1374 is divided by 5?
4
Calculate the remainder when 8108 is divided by 52.
48
What is the remainder when 138 is divided by 24?
18
What is the remainder when 429 is divided by 159?
111
Calculate the remainder when 10967 is divided by 23.
19
Calculate the remainder when 1141 is divided by 52.
49
What is the remainder when 852 is divided by 57?
54
What is the remainder when 2745 is divided by 57?
9
What is the remainder when 286 is divided by 112?
62
What is the remainder when 1270 is divided by 116?
110
What is the remainder when 977 is divided by 35?
32
What is the remainder when 534 is divided by 286?
248
Calculate the remainder when 1196 is divided by 57.
56
Calculate the remainder when 1052 is divided by 20.
12
Calculate the remainder when 917 is divided by 13.
7
What is the remainder when 738 is divided by 221?
75
What is the remainder when 3239 is divided by 47?
43
Calculate the remainder when 1727 is divided by 27.
26
Calculate the remainder when 80 is divided by 18.
8
What is the remainder when 60215 is divided by 52?
51
Calculate the remainder when 899 is divided by 24.
11
What is the remainder when 900 is divided by 652?
248
What is the remainder when 154 is divided by 52?
50
What is the remainder when 242 is divided by 38?
14
Calculate the remainder when 50 is divided by 26.
24
What is the remainder when 184 is divided by 87?
10
What is the remainder when 511 is divided by 261?
250
What is the remainder when 93 is divided by 69?
24
What is the remainder when 2037 is divided by 51?
48
What is the remainder when 47 is divided by 20?
7
What is the remainder when 2268 is divided by 254?
236
Calculate the remainder when 131 is divided by 42.
5
Calculate the remainder when 879 is divided by 24.
15
Calculate the remainder when 116 is divided by 13.
12
What is the remainder when 87 is divided by 44?
43
Calculate the remainder when 89 is divided by 16.
9
What is the remainder when 515 is divided by 125?
15
What is the remainder when 4439 is divided by 8?
7
Calculate the remainder when 42 is divided by 37.
5
What is the remainder when 331 is divided by 42?
37
What is the remainder when 1743 is divided by 109?
108
What is the remainder when 98 is divided by 60?
38
Calculate the remainder when 153 is divided by 39.
36
What is the remainder when 373 is divided by 14?
9
Calculate the remainder when 2448 is divided by 25.
23
Calculate the remainder when 255 is divided by 91.
73
What is the remainder when 278 is divided by 40?
38
What is the remainder when 435 is divided by 141?
12
What is the remainder when 482 is divided by 33?
20
Calculate the remainder when 10302 is divided by 112.
110
What is the remainder when 46 is divided by 8?
6
What is the remainder when 88 is divided by 7?
4
What is the remainder when 71 is divided by 25?
21
What is the remainder when 1495 is divided by 24?
7
Calculate the remainder when 2308 is divided by 181.
136
Calculate the remainder when 8969 is divided by 39.
38
What is the remainder when 48237 is divided by 2